hen 27731 is divided by 5603?
5319
Calculate the remainder when 2470259 is divided by 2.
1
Calculate the remainder when 18094674 is divided by 873.
3
Calculate the remainder when 33046055 is divided by 1146.
1145
Calculate the remainder when 2740691 is divided by 28.
23
What is the remainder when 2457100 is divided by 204?
124
What is the remainder when 6070734 is divided by 275942?
10
What is the remainder when 8736273 is divided by 2912085?
18
Calculate the remainder when 2431909 is divided by 4122.
4051
What is the remainder when 1353037 is divided by 3200?
2637
Calculate the remainder when 74157 is divided by 74058.
99
Calculate the remainder when 2182174 is divided by 442.
20
Calculate the remainder when 8967003 is divided by 3481.
3428
Calculate the remainder when 173301 is divided by 173188.
113
What is the remainder when 2379034 is divided by 21?
7
What is the remainder when 2677707 is divided by 178512?
27
Calculate the remainder when 52030092 is divided by 16.
12
Calculate the remainder when 9627458 is divided by 7079.
18
Calculate the remainder when 34072394 is divided by 787.
16
What is the remainder when 2311837 is divided by 468?
385
Calculate the remainder when 61689283 is divided by 47.
44
Calculate the remainder when 3114227 is divided by 1557110.
7
Calculate the remainder when 13643620 is divided by 378989.
16
Calculate the remainder when 338192 is divided by 3979.
3956
Calculate the remainder when 687240 is divided by 1084.
1068
Calculate the remainder when 36473 is divided by 498.
119
Calculate the remainder when 59739320 is divided by 391.
385
Calculate the remainder when 76408653 is divided by 76408642.
11
Calculate the remainder when 3141694 is divided by 65439.
622
What is the remainder when 10054 is divided by 1840?
854
Calculate the remainder when 23790411 is divided by 284.
15
Calculate the remainder when 59074 is divided by 537.
4
Calculate the remainder when 4223490 is divided by 12242.
0
Calculate the remainder when 270259 is divided by 108.
43
Calculate the remainder when 101666059 is divided by 4471.
4461
What is the remainder when 121361 is divided by 2129?
8
What is the remainder when 1914050 is divided by 439?
10
What is the remainder when 117804529 is divided by 39268174?
7
What is the remainder when 537496 is divided by 442?
24
Calculate the remainder when 2643117 is divided by 6777.
87
Calculate the remainder when 3031180 is divided by 12844.
12840
Calculate the remainder when 472774 is divided by 2671.
7
Calculate the remainder when 290086 is divided by 94.
2
Calculate the remainder when 338277 is divided by 194.
135
Calculate the remainder when 1992129 is divided by 242.
227
Calculate the remainder when 29262671 is divided by 9754205.
56
Calculate the remainder when 54808419 is divided by 20.
19
Calculate the remainder when 6985912 is divided by 1068.
124
What is the remainder when 2757517 is divided by 340?
117
Calculate the remainder when 5860146 is divided by 2111.
10
What is the remainder when 49967147 is divided by 1490?
1487
Calculate the remainder when 6736665 is divided by 2344.
9
Calculate the remainder when 328420 is divided by 109419.
163
Calculate the remainder when 1642402 is divided by 439.
103
Calculate the remainder when 1467562 is divided by 1195.
102
What is the remainder when 71837 is divided by 133?
17
Calculate the remainder when 9029031 is divided by 61.
55
What is the remainder when 12017955 is divided by 719?
589
Calculate the remainder when 541229 is divided by 396.
293
Calculate the remainder when 465037 is divided by 464157.
880
Calculate the remainder when 20584452 is divided by 1705.
1692
Calculate the remainder when 125449035 is divided by 41816342.
9
Calculate the remainder when 78039 is divided by 1097.
152
Calculate the remainder when 42490812 is divided by 21245395.
22
What is the remainder when 3673078 is divided by 92?
70
Calculate the remainder when 10028 is divided by 4771.
486
What is the remainder when 346889 is divided by 62?
61
Calculate the remainder when 6711016 is divided by 201.
28
Calculate the remainder when 5080802 is divided by 719.
348
What is the remainder when 15374 is divided by 138?
56
What is the remainder when 4113742 is divided by 6902?
150
What is the remainder when 2872351 is divided by 432?
415
What is the remainder when 535820 is divided by 1710?
590
What is the remainder when 89145 is divided by 1768?
745
What is the remainder when 14582492 is divided by 460?
32
Calculate the remainder when 2375796 is divided by 1988.
136
Calculate the remainder when 10365323 is divided by 27.
23
Calculate the remainder when 1313849 is divided by 262705.
324
What is the remainder when 1613361 is divided by 1943?
671
Calculate the remainder when 219438 is divided by 278.
96
What is the remainder when 2270184 is divided by 90801?
159
Calculate the remainder when 1667478 is divided by 118.
20
What is the remainder when 1116664 is divided by 558119?
426
Calculate the remainder when 1336048 is divided by 2403.
2383
What is the remainder when 17871263 is divided by 8935609?
45
Calculate the remainder when 599686 is divided by 1169.
1158
What is the remainder when 1516497 is divided by 379106?
73
Calculate the remainder when 17963 is divided by 237.
188
What is the remainder when 22010 is divided by 139?
48
What is the remainder when 20792909 is divided by 57?
50
Calculate the remainder when 123195 is divided by 8707.
1297
Calculate the remainder when 3039624 is divided by 1519811.
2
What is the remainder when 798505 is divided by 159467?
1170
What is the remainder when 39944155 is divided by 10?
5
Calculate the remainder when 54731026 is divided by 18243672.
10
Calculate the remainder when 17996034 is divided by 327.
243
Calculate the remainder when 1399891 is divided by 3286.
55
What is the remainder when 1359427 is divided by 111?
10
Calculate the remainder when 1411758 is divided by 77.
40
What is the remainder when 655097 is divided by 654851?
246
What is the remainder when 20335455 is divided by 123?
111
What is the remainder when 1715260 is divided by 137?
20
Calculate the remainder when 106939 is divided by 514.
27
Calculate the remainder when 11986134 is divided by 1879.
1872
Calculate the remainder when 166494422 is divided by 678.
674
Calculate the remainder when 155438 is divided by 4857.
14
Calculate the remainder when 82944 is divided by 4889.
4720
What is the remainder when 112912797 is divided by 572?
569
Calculate the remainder when 293300 is divided by 81.
80
Calculate the remainder when 55913 is divided by 118.
99
What is the remainder when 122145 is divided by 14?
9
Calculate the remainder when 880904 is divided by 806.
752
Calculate the remainder when 155639 is divided by 25936.
23
Calculate the remainder when 3568421 is divided by 175.
171
What is the remainder when 80552957 is divided by 2237582?
5
Calculate the remainder when 106025 is divided by 52978.
69
Calculate the remainder when 2502098 is divided by 482.
36
Calculate the remainder when 88236 is divided by 17323.
1621
What is the remainder when 1532570 is divided by 23?
11
What is the remainder when 4241267 is divided by 61?
59
Calculate the remainder when 5753343 is divided by 215.
158
What is the remainder when 219766 is divided by 73019?
709
What is the remainder when 38997484 is divided by 801?
799
Calculate the remainder when 333238 is divided by 83309.
2
Calculate the remainder when 3891286 is divided by 300.
286
Calculate the remainder when 20712023 is divided by 18.
17
Calculate the remainder when 2816660 is divided by 294.
140
Calculate the remainder when 441755 is divided by 16342.
521
What is the remainder when 51675697 is divided by 230?
217
What is the remainder when 15780049 is divided by 292223?
7
Calculate the remainder when 2086390 is divided by 37256.
54
What is the remainder when 4506497 is divided by 79061?
20
What is the remainder when 452236238 is divided by 819?
818
What is the remainder when 3020294 is divided by 10?
4
What is the remainder when 945005 is divided by 2392?
165
Calculate the remainder when 23035 is divided by 4022.
2925
Calculate the remainder when 15313493 is divided by 62504.
13
Calculate the remainder when 191138 is divided by 63064.
1946
W